{"id":1510,"date":"2026-02-02T21:30:16","date_gmt":"2026-02-02T21:30:16","guid":{"rendered":"https:\/\/savers-costplus.com\/supermarket\/?page_id=1510"},"modified":"2026-04-10T16:46:27","modified_gmt":"2026-04-10T16:46:27","slug":"pf","status":"publish","type":"page","link":"https:\/\/savers-costplus.com\/supermarket\/es\/pf\/","title":{"rendered":"P+F"},"content":{"rendered":"\t\t<div data-elementor-type=\"wp-page\" data-elementor-id=\"1510\" class=\"elementor elementor-1510\">\n\t\t\t\t<div class=\"elementor-element elementor-element-52818dc e-flex e-con-boxed e-con e-parent\" data-id=\"52818dc\" data-element_type=\"container\" data-e-type=\"container\">\n\t\t\t\t\t<div class=\"e-con-inner\">\n\t\t\t\t<div class=\"elementor-element elementor-element-9d7b5dc elementor-widget elementor-widget-image\" data-id=\"9d7b5dc\" data-element_type=\"widget\" data-e-type=\"widget\" data-widget_type=\"image.default\">\n\t\t\t\t<div class=\"elementor-widget-container\">\n\t\t\t\t\t\t\t\t\t\t\t\t\t\t\t\t<a href=\"https:\/\/savers-costplus.com\/supermarket\/es\/club-2\/\">\n\t\t\t\t\t\t\t<img fetchpriority=\"high\" decoding=\"async\" width=\"300\" height=\"194\" src=\"https:\/\/savers-costplus.com\/supermarket\/wp-content\/uploads\/2026\/02\/clubdelahorroclick-300x194.png\" class=\"attachment-medium size-medium wp-image-1458\" alt=\"\" srcset=\"https:\/\/savers-costplus.com\/supermarket\/wp-content\/uploads\/2026\/02\/clubdelahorroclick-300x194.png 300w, https:\/\/savers-costplus.com\/supermarket\/wp-content\/uploads\/2026\/02\/clubdelahorroclick-1024x662.png 1024w, https:\/\/savers-costplus.com\/supermarket\/wp-content\/uploads\/2026\/02\/clubdelahorroclick-768x497.png 768w, https:\/\/savers-costplus.com\/supermarket\/wp-content\/uploads\/2026\/02\/clubdelahorroclick-1536x994.png 1536w, https:\/\/savers-costplus.com\/supermarket\/wp-content\/uploads\/2026\/02\/clubdelahorroclick-2048x1325.png 2048w, https:\/\/savers-costplus.com\/supermarket\/wp-content\/uploads\/2026\/02\/clubdelahorroclick-1320x854.png 1320w\" sizes=\"(max-width: 300px) 100vw, 300px\" \/>\t\t\t\t\t\t\t\t<\/a>\n\t\t\t\t\t\t\t\t\t\t\t\t\t\t\t<\/div>\n\t\t\t\t<\/div>\n\t\t\t\t\t<\/div>\n\t\t\t\t<\/div>\n\t\t<div class=\"elementor-element elementor-element-ded1113 e-flex e-con-boxed e-con e-parent\" data-id=\"ded1113\" data-element_type=\"container\" data-e-type=\"container\">\n\t\t\t\t\t<div class=\"e-con-inner\">\n\t\t\t\t<div class=\"elementor-element elementor-element-882a644 elementor-widget elementor-widget-text-editor\" data-id=\"882a644\" data-element_type=\"widget\" data-e-type=\"widget\" data-widget_type=\"text-editor.default\">\n\t\t\t\t<div class=\"elementor-widget-container\">\n\t\t\t\t\t\t\t\t\t<h3 data-path-to-node=\"2\"><span style=\"color: #ff0000;\">Preguntas Frecuentes (P+F) de Savers<\/span><\/h3><p data-path-to-node=\"3\"><span style=\"color: #ff0000;\"><b data-path-to-node=\"3\" data-index-in-node=\"0\">\u00bfQu\u00e9 son los puntos del Club Del Ahorro?<\/b><\/span><\/p><p data-path-to-node=\"3\">Los puntos del Club Del Ahorro son uno de los beneficios del programa de lealtad de Savers Cost Plus que le permite recibir descuentos, ofertas personalizadas, recortar cupones y ganar puntos cuando compra en Savers Cost Plus. El mayor beneficio es que luego puede canjear esos puntos por dinero de descuento en art\u00edculos y compras.<\/p><p data-path-to-node=\"4\"><span style=\"color: #ff0000;\"><b data-path-to-node=\"4\" data-index-in-node=\"0\">\u00bfC\u00f3mo puedo convertirme en miembro del Club Del Ahorro?<\/b> <\/span><\/p><p data-path-to-node=\"4\">Puede hacer clic en el bot\u00f3n &#8220;Register Now&#8221; (Registrarse ahora) que aparece arriba o visitando cualquier sucursal de Savers Cost Plus. Cada una de nuestras tiendas ofrece una terminal en cada caja. Simplemente ingrese su n\u00famero de tel\u00e9fono en cualquier terminal y comenzar\u00e1 a ahorrar al instante.<\/p><p data-path-to-node=\"5\"><span style=\"color: #ff0000;\"><b data-path-to-node=\"5\" data-index-in-node=\"0\">\u00bfRecibir\u00e9 una tarjeta del Club Del Ahorro?<\/b> <\/span><\/p><p data-path-to-node=\"5\">No. Su membres\u00eda del Club Del Ahorro es totalmente digital, \u00a1lo que significa que no necesita recordar llevar una tarjeta! Al pagar, simplemente ingrese su n\u00famero de tel\u00e9fono en la terminal.<\/p><p data-path-to-node=\"6\"><span style=\"color: #ff0000;\"><b data-path-to-node=\"6\" data-index-in-node=\"0\">\u00bfEst\u00e1n disponibles los puntos del Club Del Ahorro en todas las ubicaciones de Savers Cost Plus?<\/b> <\/span><\/p><p data-path-to-node=\"6\">Est\u00e1n disponibles en TODAS las tiendas Savers Cost Plus; por favor vea las <span style=\"color: #0000ff;\"><a style=\"color: #0000ff;\" href=\"https:\/\/savers-costplus.com\/supermarket\/es\/#locaciones\">ubicaciones<\/a><\/span> de las tiendas para m\u00e1s detalles. Tambi\u00e9n puede ganar puntos en una ubicaci\u00f3n y canjearlos en cualquier otra ubicaci\u00f3n.<\/p><p data-path-to-node=\"0\"><span style=\"color: #ff0000;\"><b data-path-to-node=\"6\" data-index-in-node=\"0\">\u00bfCu\u00e1ntos puntos puedo ganar a la vez?<\/b><\/span><\/p><p data-path-to-node=\"1\">La cantidad m\u00e1xima de puntos que se pueden ganar es de hasta 1,000 puntos al mes. Este l\u00edmite de puntos mensual no incluye los puntos de bonificaci\u00f3n obtenidos a trav\u00e9s de promociones o sorteos.<\/p><p data-path-to-node=\"7\"><span style=\"color: #ff0000;\"><b data-path-to-node=\"7\" data-index-in-node=\"0\">\u00bfCu\u00e1ndo vencen mis puntos del Club Del Ahorro?<\/b> <\/span><\/p><p data-path-to-node=\"7\">Sus puntos del Club Del Ahorro vencer\u00e1n 90 d\u00edas despu\u00e9s de haberlos ganado. Por ejemplo, los puntos ganados en enero vencer\u00e1n en abril.<\/p><p data-path-to-node=\"8\"><span style=\"color: #ff0000;\"><b data-path-to-node=\"8\" data-index-in-node=\"0\">\u00bfPuedo usar mi n\u00famero de tel\u00e9fono de casa para registrarme?<\/b><\/span><\/p><p data-path-to-node=\"8\">Recomendamos que use su n\u00famero de m\u00f3vil, ya que el proceso para verificar su n\u00famero es m\u00e1s r\u00e1pido y f\u00e1cil. Sin embargo, puede registrarse usando su tel\u00e9fono de casa en cualquier terminal. Una vez registrado en la tienda, visite <a class=\"ng-star-inserted\" href=\"https:\/\/savers-costplus.com\" target=\"_blank\" rel=\"noopener\" data-hveid=\"0\" data-ved=\"0CAAQ_4QMahcKEwiPns6R37uSAxUAAAAAHQAAAAAQYw\">https:\/\/savers-costplus.com<\/a>, ingrese su n\u00famero de tel\u00e9fono de casa, haga clic en el bot\u00f3n &#8220;call me&#8221; (ll\u00e1mame) y conteste su tel\u00e9fono para recibir el c\u00f3digo de verificaci\u00f3n de su cuenta. Ingrese el c\u00f3digo e inicie sesi\u00f3n en su cuenta. **Agregue su nombre, direcci\u00f3n f\u00edsica, correo electr\u00f3nico y fecha de nacimiento para recibir 100 puntos de bonificaci\u00f3n. *<i data-path-to-node=\"8\" data-index-in-node=\"644\">Los puntos se a\u00f1adir\u00e1n a su cuenta despu\u00e9s de realizar su primera compra.<\/i><\/p><p data-path-to-node=\"9\"><span style=\"color: #ff0000;\"><b data-path-to-node=\"9\" data-index-in-node=\"0\">\u00bfQu\u00e9 puedo obtener con mis puntos?<\/b><\/span><\/p><ul data-path-to-node=\"10\"><li><p data-path-to-node=\"10,0,0\">Cuando acumule un total de 100 puntos, puede canjearlos por <b data-path-to-node=\"10,0,0\" data-index-in-node=\"60\">$1 de descuento<\/b> en su pr\u00f3xima compra.<\/p><\/li><li><p data-path-to-node=\"10,1,0\">Cuando acumule un total de 500 puntos, puede canjearlos por <b data-path-to-node=\"10,1,0\" data-index-in-node=\"60\">$5 de descuento<\/b> en su pr\u00f3xima compra.<\/p><\/li><li><p data-path-to-node=\"10,2,0\">Cuando acumule un total de 1000 puntos, puede canjearlos por <b data-path-to-node=\"10,2,0\" data-index-in-node=\"61\">$10 de descuento<\/b> en su pr\u00f3xima compra.<\/p><\/li><\/ul><p data-path-to-node=\"11\"><span style=\"color: #ff0000;\"><b data-path-to-node=\"11\" data-index-in-node=\"0\">\u00bfC\u00f3mo canjeo mi recompensa?<\/b> <\/span><\/p><p data-path-to-node=\"11\">Cuando vaya a pagar e ingrese su n\u00famero de tel\u00e9fono, ver\u00e1 una pesta\u00f1a de recompensas si tiene alguna disponible para usar. Haga clic en la recompensa cuando quiera canjearla. Su recompensa se aplicar\u00e1 autom\u00e1ticamente a su transacci\u00f3n.<\/p><p data-path-to-node=\"12\"><b data-path-to-node=\"12\" data-index-in-node=\"0\"><span style=\"color: #ff0000;\">\u00bfOfrece el Club Del Ahorro cupones digitales y d\u00f3nde puedo encontrarlos?<\/span><\/b><\/p><p data-path-to-node=\"12\">Savers Cost Plus ofrece cupones digitales a los clientes registrados en el Club Del Ahorro. Los cupones digitales son cupones sin papel que los clientes pueden recortar (guardar) en su cuenta del Club Del Ahorro desde <a class=\"ng-star-inserted\" href=\"https:\/\/savers-costplus.com\" target=\"_blank\" rel=\"noopener\" data-hveid=\"0\" data-ved=\"0CAAQ_4QMahcKEwiPns6R37uSAxUAAAAAHQAAAAAQZA\">https:\/\/savers-costplus.com<\/a> o en la terminal al momento de pagar.<\/p><p data-path-to-node=\"13\"><span style=\"color: #ff0000;\"><b data-path-to-node=\"13\" data-index-in-node=\"0\">\u00bfGano puntos en todos los art\u00edculos comprados en Savers Cost Plus?<\/b> <\/span><\/p><p data-path-to-node=\"13\">Algunos art\u00edculos vendidos en la tienda est\u00e1n excluidos de la obtenci\u00f3n de puntos, incluyendo alcohol, cerveza, vino, tabaco, tarjetas de regalo, tarjetas telef\u00f3nicas, sellos postales, giros postales y loter\u00eda.<\/p><p data-path-to-node=\"14\"><span style=\"color: #ff0000;\"><b data-path-to-node=\"14\" data-index-in-node=\"0\">\u00bfC\u00f3mo puedo asegurarme de no perderme un cup\u00f3n digital?<\/b> <\/span><\/p><p data-path-to-node=\"14\">\u00a1Para eso est\u00e1 nuestra terminal! Cualquier art\u00edculo escaneado en la caja que tenga un cup\u00f3n aplicable mostrar\u00e1 un aviso en la pantalla. \u00a1Puede recortar el cup\u00f3n en ese mismo momento! <i data-path-to-node=\"14\" data-index-in-node=\"239\">*Tenga en cuenta: Los cupones de Procter &amp; Gamble deben recortarse antes de pagar. Si recorta el cup\u00f3n en la terminal, el sistema aplicar\u00e1 el cup\u00f3n a su <b data-path-to-node=\"14\" data-index-in-node=\"392\">pr\u00f3xima<\/b> compra. Aplican fechas de vencimiento. Este es un requisito de Procter &amp; Gamble y no es exclusivo de Savers Cost Plus.<\/i><\/p><p data-path-to-node=\"15\"><span style=\"color: #ff0000;\"><b data-path-to-node=\"15\" data-index-in-node=\"0\">\u00bfPor qu\u00e9 deber\u00eda agregar mi n\u00famero de tel\u00e9fono?<\/b><\/span><\/p><p data-path-to-node=\"15\">\u00a1Su n\u00famero de tel\u00e9fono es la forma en que nuestro sistema lo identifica! Al agregarlo a su cuenta \u2014e ingresarlo en la terminal durante el pago\u2014 ganar\u00e1 puntos para recompensas de ahorro de dinero y recibir\u00e1 alertas instant\u00e1neas sobre cualquier cup\u00f3n disponible para los art\u00edculos que est\u00e1 comprando. <i data-path-to-node=\"15\" data-index-in-node=\"347\">Recordatorio amistoso: \u00a1Los n\u00fameros m\u00f3viles funcionan mejor!<\/i><\/p><p data-path-to-node=\"16\"><span style=\"color: #ff0000;\"><b data-path-to-node=\"16\" data-index-in-node=\"0\">\u00bfC\u00f3mo encuentro mi contrase\u00f1a?<\/b> <\/span><\/p><p data-path-to-node=\"16\">Su contrase\u00f1a es el n\u00famero de tel\u00e9fono de 10 d\u00edgitos vinculado a su cuenta. Cada vez que necesite iniciar sesi\u00f3n, simplemente ingrese ese n\u00famero y verifique la informaci\u00f3n de su cuenta a trav\u00e9s de una de las dos opciones listadas (ya sea por mensaje de texto o llamada telef\u00f3nica).<\/p>\t\t\t\t\t\t\t\t<\/div>\n\t\t\t\t<\/div>\n\t\t\t\t\t<\/div>\n\t\t\t\t<\/div>\n\t\t\t\t<\/div>\n\t\t","protected":false},"excerpt":{"rendered":"<p>Preguntas Frecuentes (P+F) de Savers \u00bfQu\u00e9 son los puntos del Club Del Ahorro? Los puntos del Club Del Ahorro son uno de los beneficios del programa de lealtad de Savers Cost Plus que le permite recibir descuentos, ofertas personalizadas, recortar cupones y ganar puntos cuando compra en Savers Cost Plus. El mayor beneficio es que [&hellip;]<\/p>\n","protected":false},"author":1,"featured_media":0,"parent":0,"menu_order":0,"comment_status":"closed","ping_status":"closed","template":"","meta":{"ocean_post_layout":"","ocean_both_sidebars_style":"","ocean_both_sidebars_content_width":0,"ocean_both_sidebars_sidebars_width":0,"ocean_sidebar":"","ocean_second_sidebar":"","ocean_disable_margins":"enable","ocean_add_body_class":"","ocean_shortcode_before_top_bar":"","ocean_shortcode_after_top_bar":"","ocean_shortcode_before_header":"","ocean_shortcode_after_header":"","ocean_has_shortcode":"","ocean_shortcode_after_title":"","ocean_shortcode_before_footer_widgets":"","ocean_shortcode_after_footer_widgets":"","ocean_shortcode_before_footer_bottom":"","ocean_shortcode_after_footer_bottom":"","ocean_display_top_bar":"default","ocean_display_header":"default","ocean_header_style":"","ocean_center_header_left_menu":"","ocean_custom_header_template":"","ocean_custom_logo":0,"ocean_custom_retina_logo":0,"ocean_custom_logo_max_width":0,"ocean_custom_logo_tablet_max_width":0,"ocean_custom_logo_mobile_max_width":0,"ocean_custom_logo_max_height":0,"ocean_custom_logo_tablet_max_height":0,"ocean_custom_logo_mobile_max_height":0,"ocean_header_custom_menu":"","ocean_menu_typo_font_family":"","ocean_menu_typo_font_subset":"","ocean_menu_typo_font_size":0,"ocean_menu_typo_font_size_tablet":0,"ocean_menu_typo_font_size_mobile":0,"ocean_menu_typo_font_size_unit":"px","ocean_menu_typo_font_weight":"","ocean_menu_typo_font_weight_tablet":"","ocean_menu_typo_font_weight_mobile":"","ocean_menu_typo_transform":"","ocean_menu_typo_transform_tablet":"","ocean_menu_typo_transform_mobile":"","ocean_menu_typo_line_height":0,"ocean_menu_typo_line_height_tablet":0,"ocean_menu_typo_line_height_mobile":0,"ocean_menu_typo_line_height_unit":"","ocean_menu_typo_spacing":0,"ocean_menu_typo_spacing_tablet":0,"ocean_menu_typo_spacing_mobile":0,"ocean_menu_typo_spacing_unit":"","ocean_menu_link_color":"","ocean_menu_link_color_hover":"","ocean_menu_link_color_active":"","ocean_menu_link_background":"","ocean_menu_link_hover_background":"","ocean_menu_link_active_background":"","ocean_menu_social_links_bg":"","ocean_menu_social_hover_links_bg":"","ocean_menu_social_links_color":"","ocean_menu_social_hover_links_color":"","ocean_disable_title":"default","ocean_disable_heading":"default","ocean_post_title":"","ocean_post_subheading":"","ocean_post_title_style":"","ocean_post_title_background_color":"","ocean_post_title_background":0,"ocean_post_title_bg_image_position":"","ocean_post_title_bg_image_attachment":"","ocean_post_title_bg_image_repeat":"","ocean_post_title_bg_image_size":"","ocean_post_title_height":0,"ocean_post_title_bg_overlay":0.5,"ocean_post_title_bg_overlay_color":"","ocean_disable_breadcrumbs":"default","ocean_breadcrumbs_color":"","ocean_breadcrumbs_separator_color":"","ocean_breadcrumbs_links_color":"","ocean_breadcrumbs_links_hover_color":"","ocean_display_footer_widgets":"default","ocean_display_footer_bottom":"default","ocean_custom_footer_template":"","footnotes":""},"class_list":["post-1510","page","type-page","status-publish","hentry","entry"],"_links":{"self":[{"href":"https:\/\/savers-costplus.com\/supermarket\/wp-json\/wp\/v2\/pages\/1510","targetHints":{"allow":["GET"]}}],"collection":[{"href":"https:\/\/savers-costplus.com\/supermarket\/wp-json\/wp\/v2\/pages"}],"about":[{"href":"https:\/\/savers-costplus.com\/supermarket\/wp-json\/wp\/v2\/types\/page"}],"author":[{"embeddable":true,"href":"https:\/\/savers-costplus.com\/supermarket\/wp-json\/wp\/v2\/users\/1"}],"replies":[{"embeddable":true,"href":"https:\/\/savers-costplus.com\/supermarket\/wp-json\/wp\/v2\/comments?post=1510"}],"version-history":[{"count":19,"href":"https:\/\/savers-costplus.com\/supermarket\/wp-json\/wp\/v2\/pages\/1510\/revisions"}],"predecessor-version":[{"id":1781,"href":"https:\/\/savers-costplus.com\/supermarket\/wp-json\/wp\/v2\/pages\/1510\/revisions\/1781"}],"wp:attachment":[{"href":"https:\/\/savers-costplus.com\/supermarket\/wp-json\/wp\/v2\/media?parent=1510"}],"curies":[{"name":"wp","href":"https:\/\/api.w.org\/{rel}","templated":true}]}}