{"id":710,"date":"2023-05-09T05:18:45","date_gmt":"2023-05-09T05:18:45","guid":{"rendered":"https:\/\/savers-costplus.com\/supermarket\/?page_id=710"},"modified":"2023-05-09T05:19:19","modified_gmt":"2023-05-09T05:19:19","slug":"pasteleria","status":"publish","type":"page","link":"https:\/\/savers-costplus.com\/supermarket\/es\/pasteleria\/","title":{"rendered":"Pasteleria"},"content":{"rendered":"\t\t<div data-elementor-type=\"wp-page\" data-elementor-id=\"710\" class=\"elementor elementor-710\">\n\t\t\t\t<div class=\"elementor-element elementor-element-a7fd353 e-flex e-con-boxed e-con e-parent\" data-id=\"a7fd353\" data-element_type=\"container\" data-e-type=\"container\" data-settings=\"{&quot;background_background&quot;:&quot;classic&quot;}\">\n\t\t\t\t\t<div class=\"e-con-inner\">\n\t\t\t\t<div class=\"elementor-element elementor-element-5c3187ce elementor-widget elementor-widget-spacer\" data-id=\"5c3187ce\" data-element_type=\"widget\" data-e-type=\"widget\" data-widget_type=\"spacer.default\">\n\t\t\t\t<div class=\"elementor-widget-container\">\n\t\t\t\t\t\t\t<div class=\"elementor-spacer\">\n\t\t\t<div class=\"elementor-spacer-inner\"><\/div>\n\t\t<\/div>\n\t\t\t\t\t\t<\/div>\n\t\t\t\t<\/div>\n\t\t\t\t\t<\/div>\n\t\t\t\t<\/div>\n\t\t<div class=\"elementor-element elementor-element-1ecb213b e-flex e-con-boxed e-con e-parent\" data-id=\"1ecb213b\" data-element_type=\"container\" data-e-type=\"container\">\n\t\t\t\t\t<div class=\"e-con-inner\">\n\t\t<div class=\"elementor-element elementor-element-6bd960e9 e-con-full e-flex e-con e-parent\" data-id=\"6bd960e9\" data-element_type=\"container\" data-e-type=\"container\">\n\t\t\t\t<div class=\"elementor-element elementor-element-164d8f9e elementor-widget elementor-widget-heading\" data-id=\"164d8f9e\" data-element_type=\"widget\" data-e-type=\"widget\" data-widget_type=\"heading.default\">\n\t\t\t\t<div class=\"elementor-widget-container\">\n\t\t\t\t\t<h2 class=\"elementor-heading-title elementor-size-default\">\u00a1Nuestra pasi\u00f3n por la reposter\u00eda nos ha inspirado a hornear los mejores pasteles pa ti!<\/h2>\t\t\t\t<\/div>\n\t\t\t\t<\/div>\n\t\t\t\t<div class=\"elementor-element elementor-element-451427d elementor-widget__width-initial elementor-widget elementor-widget-video\" data-id=\"451427d\" data-element_type=\"widget\" data-e-type=\"widget\" data-settings=\"{&quot;video_type&quot;:&quot;hosted&quot;,&quot;autoplay&quot;:&quot;yes&quot;,&quot;loop&quot;:&quot;yes&quot;}\" data-widget_type=\"video.default\">\n\t\t\t\t<div class=\"elementor-widget-container\">\n\t\t\t\t\t\t\t<div class=\"e-hosted-video elementor-wrapper elementor-open-inline\">\n\t\t\t\t\t<video class=\"elementor-video\" src=\"https:\/\/savers-costplus.com\/supermarket\/wp-content\/uploads\/2023\/05\/cake.mp4\" autoplay=\"\" loop=\"\" controlsList=\"nodownload\" poster=\"https:\/\/savers-costplus.com\/supermarket\/wp-content\/uploads\/2023\/05\/fishmarket-_live_fish_2-1.png\"><\/video>\n\t\t\t\t<\/div>\n\t\t\t\t\t\t<\/div>\n\t\t\t\t<\/div>\n\t\t\t\t<\/div>\n\t\t<div class=\"elementor-element elementor-element-1c13b3b7 e-con-full e-flex e-con e-parent\" data-id=\"1c13b3b7\" data-element_type=\"container\" data-e-type=\"container\">\n\t\t\t\t<div class=\"elementor-element elementor-element-6b2a23d8 elementor-widget elementor-widget-text-editor\" data-id=\"6b2a23d8\" data-element_type=\"widget\" data-e-type=\"widget\" data-widget_type=\"text-editor.default\">\n\t\t\t\t<div class=\"elementor-widget-container\">\n\t\t\t\t\t\t\t\t\t<p>Bienvenido a nuestra pasteler\u00eda, donde creamos los pasteles m\u00e1s exquisitos y personalizados para cualquier evento especial que est\u00e9 celebrando. Desde bodas y quincea\u00f1eras hasta graduaciones y D\u00eda de las Madres, nuestros pasteleros expertos trabajar\u00e1n contigo para crear un pastel que refleje tu estilo y gustos \u00fanicos.<\/p><p>Utilizamos ingredientes de la m\u00e1s alta calidad para asegurarnos de que cada pastel sea delicioso y memorable. Ya sea que prefieras un pastel cl\u00e1sico de vainilla o un pastel m\u00e1s extravagante de tres leches, estamos aqu\u00ed para satisfacer tus antojos m\u00e1s dulces.<\/p><p>Adem\u00e1s de pasteles personalizados, tambi\u00e9n ofrecemos una amplia selecci\u00f3n de postres y golosinas para satisfacer a cualquier goloso. Nuestro objetivo es hacer que cada bocado sea una experiencia deliciosa.<\/p><p>Vis\u00edtanos hoy y perm\u00edtenos crear un pastel personalizado que se adapte perfectamente a tu pr\u00f3xima celebraci\u00f3n. Nos encanta ser parte de tus momentos especiales y hacerlos a\u00fan m\u00e1s dulces.<\/p>\t\t\t\t\t\t\t\t<\/div>\n\t\t\t\t<\/div>\n\t\t\t\t<div class=\"elementor-element elementor-element-1a52beca elementor-widget elementor-widget-image-carousel\" data-id=\"1a52beca\" data-element_type=\"widget\" data-e-type=\"widget\" data-settings=\"{&quot;slides_to_show&quot;:&quot;1&quot;,&quot;navigation&quot;:&quot;none&quot;,&quot;lazyload&quot;:&quot;yes&quot;,&quot;pause_on_hover&quot;:&quot;no&quot;,&quot;effect&quot;:&quot;fade&quot;,&quot;autoplay&quot;:&quot;yes&quot;,&quot;pause_on_interaction&quot;:&quot;yes&quot;,&quot;autoplay_speed&quot;:5000,&quot;infinite&quot;:&quot;yes&quot;,&quot;speed&quot;:500}\" data-widget_type=\"image-carousel.default\">\n\t\t\t\t<div class=\"elementor-widget-container\">\n\t\t\t\t\t\t\t<div class=\"elementor-image-carousel-wrapper swiper\" role=\"region\" aria-roledescription=\"carousel\" aria-label=\"Carrusel de Im\u00e1genes\" dir=\"ltr\">\n\t\t\t<div class=\"elementor-image-carousel swiper-wrapper\" aria-live=\"off\">\n\t\t\t\t\t\t\t\t<div class=\"swiper-slide\" role=\"group\" aria-roledescription=\"slide\" aria-label=\"1 de 12\"><figure class=\"swiper-slide-inner\"><img class=\"swiper-slide-image swiper-lazy\" data-src=\"https:\/\/savers-costplus.com\/supermarket\/wp-content\/uploads\/elementor\/thumbs\/pastel-de-corazon-con-fresas-rikpy2yv75yl4plmkjqyunaa9pagtka6ef0mk8c28c.png\" alt=\"pastel de corazon con fresas\" \/><div class=\"swiper-lazy-preloader\"><\/div><\/figure><\/div><div class=\"swiper-slide\" role=\"group\" aria-roledescription=\"slide\" aria-label=\"2 de 12\"><figure class=\"swiper-slide-inner\"><img class=\"swiper-slide-image swiper-lazy\" data-src=\"https:\/\/savers-costplus.com\/supermarket\/wp-content\/uploads\/elementor\/thumbs\/pastel-dia-de-las-madres-rikpy2yv75yl4plmkjqyunaa9pagtka6ef0mk8c1la.png\" alt=\"pastel dia de las madres\" \/><div class=\"swiper-lazy-preloader\"><\/div><\/figure><\/div><div class=\"swiper-slide\" role=\"group\" aria-roledescription=\"slide\" aria-label=\"3 de 12\"><figure class=\"swiper-slide-inner\"><img class=\"swiper-slide-image swiper-lazy\" data-src=\"https:\/\/savers-costplus.com\/supermarket\/wp-content\/uploads\/elementor\/thumbs\/corazon-pie-de-queso-con-fresas-rikpy3wpdzzvgbk9f25lf51qv35u19dwqjo41iang6.png\" alt=\"corazon pie de queso con fresas\" \/><div class=\"swiper-lazy-preloader\"><\/div><\/figure><\/div><div class=\"swiper-slide\" role=\"group\" aria-roledescription=\"slide\" aria-label=\"4 de 12\"><figure class=\"swiper-slide-inner\"><img class=\"swiper-slide-image swiper-lazy\" data-src=\"https:\/\/savers-costplus.com\/supermarket\/wp-content\/uploads\/elementor\/thumbs\/wedding-grooms-cake--9-scaled-rikpy5sdro2g3jhj42yuk4ko1uwkgnldesz3027us2.jpg\" alt=\"wedding grooms cake .jpg (9)\" \/><div class=\"swiper-lazy-preloader\"><\/div><\/figure><\/div><div class=\"swiper-slide\" role=\"group\" aria-roledescription=\"slide\" aria-label=\"5 de 12\"><figure class=\"swiper-slide-inner\"><img class=\"swiper-slide-image swiper-lazy\" data-src=\"https:\/\/savers-costplus.com\/supermarket\/wp-content\/uploads\/elementor\/thumbs\/photo21-scaled-rikpy4ujku15rxiw9kk7zmt7gh178yhn2oblis98ya.jpg\" alt=\"photo21\" \/><div class=\"swiper-lazy-preloader\"><\/div><\/figure><\/div><div class=\"swiper-slide\" role=\"group\" aria-roledescription=\"slide\" aria-label=\"6 de 12\"><figure class=\"swiper-slide-inner\"><img class=\"swiper-slide-image swiper-lazy\" data-src=\"https:\/\/savers-costplus.com\/supermarket\/wp-content\/uploads\/elementor\/thumbs\/photo51-scaled-rikpy3wpdzzvgbk9f25lf51qv35u19dwqjo41ian4i.jpg\" alt=\"photo51\" \/><div class=\"swiper-lazy-preloader\"><\/div><\/figure><\/div><div class=\"swiper-slide\" role=\"group\" aria-roledescription=\"slide\" aria-label=\"7 de 12\"><figure class=\"swiper-slide-inner\"><img class=\"swiper-slide-image swiper-lazy\" data-src=\"https:\/\/savers-costplus.com\/supermarket\/wp-content\/uploads\/elementor\/thumbs\/photo61-scaled-rikpy4ujku15rxiw9kk7zmt7gh178yhn2oblis98ya.jpg\" alt=\"photo61\" \/><div class=\"swiper-lazy-preloader\"><\/div><\/figure><\/div><div class=\"swiper-slide\" role=\"group\" aria-roledescription=\"slide\" aria-label=\"8 de 12\"><figure class=\"swiper-slide-inner\"><img class=\"swiper-slide-image swiper-lazy\" data-src=\"https:\/\/savers-costplus.com\/supermarket\/wp-content\/uploads\/elementor\/thumbs\/quinceanera-cake-5-tier-white-an-pink-scaled-rikpy2yv75yl4plmkjqyunaa9pagtka6ef0mk8c1aq.jpg\" alt=\"quinceanera cake 5 tier white an pink\" \/><div class=\"swiper-lazy-preloader\"><\/div><\/figure><\/div><div class=\"swiper-slide\" role=\"group\" aria-roledescription=\"slide\" aria-label=\"9 de 12\"><figure class=\"swiper-slide-inner\"><img class=\"swiper-slide-image swiper-lazy\" data-src=\"https:\/\/savers-costplus.com\/supermarket\/wp-content\/uploads\/elementor\/thumbs\/wedding-cake-scaled-rikpy4ujku15rxiw9kk7zmt7gh178yhn2oblis98ya.jpg\" alt=\"wedding cake\" \/><div class=\"swiper-lazy-preloader\"><\/div><\/figure><\/div><div class=\"swiper-slide\" role=\"group\" aria-roledescription=\"slide\" aria-label=\"10 de 12\"><figure class=\"swiper-slide-inner\"><img class=\"swiper-slide-image swiper-lazy\" data-src=\"https:\/\/savers-costplus.com\/supermarket\/wp-content\/uploads\/elementor\/thumbs\/WEDDING-CAKES-2009-.JPG-4-scaled-rikpy3wpdzzvgbk9f25lf51qv35u19dwqjo41ian4i.jpg\" alt=\"WEDDING CAKES 2009 .JPG (4)\" \/><div class=\"swiper-lazy-preloader\"><\/div><\/figure><\/div><div class=\"swiper-slide\" role=\"group\" aria-roledescription=\"slide\" aria-label=\"11 de 12\"><figure class=\"swiper-slide-inner\"><img class=\"swiper-slide-image swiper-lazy\" data-src=\"https:\/\/savers-costplus.com\/supermarket\/wp-content\/uploads\/elementor\/thumbs\/savers-17-rikpy6q7yi3qf5g5yldh4mc4n8rxocp3qxmkhc6h5k.png\" alt=\"savers-17\" \/><div class=\"swiper-lazy-preloader\"><\/div><\/figure><\/div><div class=\"swiper-slide\" role=\"group\" aria-roledescription=\"slide\" aria-label=\"12 de 12\"><figure class=\"swiper-slide-inner\"><img class=\"swiper-slide-image swiper-lazy\" data-src=\"https:\/\/savers-costplus.com\/supermarket\/wp-content\/uploads\/elementor\/thumbs\/dia-de-muertos-cake-rikpy3wpdzzvgbk9f25lf51qv35u19dwqjo41iaomo.png\" alt=\"dia de muertos cake\" \/><div class=\"swiper-lazy-preloader\"><\/div><\/figure><\/div>\t\t\t<\/div>\n\t\t\t\t\t\t\t\n\t\t\t\t\t\t\t\t\t<\/div>\n\t\t\t\t\t\t<\/div>\n\t\t\t\t<\/div>\n\t\t\t\t<\/div>\n\t\t\t\t\t<\/div>\n\t\t\t\t<\/div>\n\t\t\t\t<\/div>\n\t\t","protected":false},"excerpt":{"rendered":"<p>\u00a1Nuestra pasi\u00f3n por la reposter\u00eda nos ha inspirado a hornear los mejores pasteles pa ti! https:\/\/savers-costplus.com\/supermarket\/wp-content\/uploads\/2023\/05\/cake.mp4 Bienvenido a nuestra pasteler\u00eda, donde creamos los pasteles m\u00e1s exquisitos y personalizados para cualquier evento especial que est\u00e9 celebrando. Desde bodas y quincea\u00f1eras hasta graduaciones y D\u00eda de las Madres, nuestros pasteleros expertos trabajar\u00e1n contigo para crear un pastel [&hellip;]<\/p>\n","protected":false},"author":1,"featured_media":0,"parent":0,"menu_order":0,"comment_status":"closed","ping_status":"closed","template":"","meta":{"ocean_post_layout":"","ocean_both_sidebars_style":"","ocean_both_sidebars_content_width":0,"ocean_both_sidebars_sidebars_width":0,"ocean_sidebar":"0","ocean_second_sidebar":"0","ocean_disable_margins":"enable","ocean_add_body_class":"","ocean_shortcode_before_top_bar":"","ocean_shortcode_after_top_bar":"","ocean_shortcode_before_header":"","ocean_shortcode_after_header":"","ocean_has_shortcode":"","ocean_shortcode_after_title":"","ocean_shortcode_before_footer_widgets":"","ocean_shortcode_after_footer_widgets":"","ocean_shortcode_before_footer_bottom":"","ocean_shortcode_after_footer_bottom":"","ocean_display_top_bar":"default","ocean_display_header":"default","ocean_header_style":"","ocean_center_header_left_menu":"0","ocean_custom_header_template":"0","ocean_custom_logo":0,"ocean_custom_retina_logo":0,"ocean_custom_logo_max_width":0,"ocean_custom_logo_tablet_max_width":0,"ocean_custom_logo_mobile_max_width":0,"ocean_custom_logo_max_height":0,"ocean_custom_logo_tablet_max_height":0,"ocean_custom_logo_mobile_max_height":0,"ocean_header_custom_menu":"0","ocean_menu_typo_font_family":"0","ocean_menu_typo_font_subset":"","ocean_menu_typo_font_size":0,"ocean_menu_typo_font_size_tablet":0,"ocean_menu_typo_font_size_mobile":0,"ocean_menu_typo_font_size_unit":"px","ocean_menu_typo_font_weight":"","ocean_menu_typo_font_weight_tablet":"","ocean_menu_typo_font_weight_mobile":"","ocean_menu_typo_transform":"","ocean_menu_typo_transform_tablet":"","ocean_menu_typo_transform_mobile":"","ocean_menu_typo_line_height":0,"ocean_menu_typo_line_height_tablet":0,"ocean_menu_typo_line_height_mobile":0,"ocean_menu_typo_line_height_unit":"","ocean_menu_typo_spacing":0,"ocean_menu_typo_spacing_tablet":0,"ocean_menu_typo_spacing_mobile":0,"ocean_menu_typo_spacing_unit":"","ocean_menu_link_color":"","ocean_menu_link_color_hover":"","ocean_menu_link_color_active":"","ocean_menu_link_background":"","ocean_menu_link_hover_background":"","ocean_menu_link_active_background":"","ocean_menu_social_links_bg":"","ocean_menu_social_hover_links_bg":"","ocean_menu_social_links_color":"","ocean_menu_social_hover_links_color":"","ocean_disable_title":"default","ocean_disable_heading":"default","ocean_post_title":"","ocean_post_subheading":"","ocean_post_title_style":"","ocean_post_title_background_color":"","ocean_post_title_background":0,"ocean_post_title_bg_image_position":"","ocean_post_title_bg_image_attachment":"","ocean_post_title_bg_image_repeat":"","ocean_post_title_bg_image_size":"","ocean_post_title_height":0,"ocean_post_title_bg_overlay":0.5,"ocean_post_title_bg_overlay_color":"","ocean_disable_breadcrumbs":"default","ocean_breadcrumbs_color":"","ocean_breadcrumbs_separator_color":"","ocean_breadcrumbs_links_color":"","ocean_breadcrumbs_links_hover_color":"","ocean_display_footer_widgets":"default","ocean_display_footer_bottom":"default","ocean_custom_footer_template":"0","footnotes":""},"class_list":["post-710","page","type-page","status-publish","hentry","entry"],"_links":{"self":[{"href":"https:\/\/savers-costplus.com\/supermarket\/wp-json\/wp\/v2\/pages\/710","targetHints":{"allow":["GET"]}}],"collection":[{"href":"https:\/\/savers-costplus.com\/supermarket\/wp-json\/wp\/v2\/pages"}],"about":[{"href":"https:\/\/savers-costplus.com\/supermarket\/wp-json\/wp\/v2\/types\/page"}],"author":[{"embeddable":true,"href":"https:\/\/savers-costplus.com\/supermarket\/wp-json\/wp\/v2\/users\/1"}],"replies":[{"embeddable":true,"href":"https:\/\/savers-costplus.com\/supermarket\/wp-json\/wp\/v2\/comments?post=710"}],"version-history":[{"count":4,"href":"https:\/\/savers-costplus.com\/supermarket\/wp-json\/wp\/v2\/pages\/710\/revisions"}],"predecessor-version":[{"id":714,"href":"https:\/\/savers-costplus.com\/supermarket\/wp-json\/wp\/v2\/pages\/710\/revisions\/714"}],"wp:attachment":[{"href":"https:\/\/savers-costplus.com\/supermarket\/wp-json\/wp\/v2\/media?parent=710"}],"curies":[{"name":"wp","href":"https:\/\/api.w.org\/{rel}","templated":true}]}}