{"id":940,"date":"2023-05-23T02:04:55","date_gmt":"2023-05-23T02:04:55","guid":{"rendered":"https:\/\/savers-costplus.com\/supermarket\/?page_id=940"},"modified":"2026-02-02T21:03:27","modified_gmt":"2026-02-02T21:03:27","slug":"empleos","status":"publish","type":"page","link":"https:\/\/savers-costplus.com\/supermarket\/es\/empleos\/","title":{"rendered":"Empleos"},"content":{"rendered":"\t\t<div data-elementor-type=\"wp-page\" data-elementor-id=\"940\" class=\"elementor elementor-940\">\n\t\t\t\t<div class=\"elementor-element elementor-element-0ff63db e-flex e-con-boxed e-con e-parent\" data-id=\"0ff63db\" data-element_type=\"container\" data-e-type=\"container\">\n\t\t\t\t\t<div class=\"e-con-inner\">\n\t\t<div class=\"elementor-element elementor-element-b3fe4a5 e-con-full e-flex e-con e-child\" data-id=\"b3fe4a5\" data-element_type=\"container\" data-e-type=\"container\">\n\t\t\t\t<div class=\"elementor-element elementor-element-ce1a024 elementor-widget elementor-widget-image\" data-id=\"ce1a024\" data-element_type=\"widget\" data-e-type=\"widget\" data-widget_type=\"image.default\">\n\t\t\t\t<div class=\"elementor-widget-container\">\n\t\t\t\t\t\t\t\t\t\t\t\t\t\t\t<img fetchpriority=\"high\" decoding=\"async\" width=\"1024\" height=\"578\" src=\"https:\/\/savers-costplus.com\/supermarket\/wp-content\/uploads\/2023\/05\/jobs-1024x578.jpg\" class=\"attachment-large size-large wp-image-935\" alt=\"\" srcset=\"https:\/\/savers-costplus.com\/supermarket\/wp-content\/uploads\/2023\/05\/jobs-1024x578.jpg 1024w, https:\/\/savers-costplus.com\/supermarket\/wp-content\/uploads\/2023\/05\/jobs-300x169.jpg 300w, https:\/\/savers-costplus.com\/supermarket\/wp-content\/uploads\/2023\/05\/jobs-768x433.jpg 768w, https:\/\/savers-costplus.com\/supermarket\/wp-content\/uploads\/2023\/05\/jobs-1536x866.jpg 1536w, https:\/\/savers-costplus.com\/supermarket\/wp-content\/uploads\/2023\/05\/jobs-1320x745.jpg 1320w, https:\/\/savers-costplus.com\/supermarket\/wp-content\/uploads\/2023\/05\/jobs.jpg 1920w\" sizes=\"(max-width: 1024px) 100vw, 1024px\" \/>\t\t\t\t\t\t\t\t\t\t\t\t\t\t\t<\/div>\n\t\t\t\t<\/div>\n\t\t\t\t<\/div>\n\t\t<div class=\"elementor-element elementor-element-341ba71 e-con-full e-flex e-con e-child\" data-id=\"341ba71\" data-element_type=\"container\" data-e-type=\"container\">\n\t\t\t\t<div class=\"elementor-element elementor-element-b9c32be elementor-widget elementor-widget-text-editor\" data-id=\"b9c32be\" data-element_type=\"widget\" data-e-type=\"widget\" data-widget_type=\"text-editor.default\">\n\t\t\t\t<div class=\"elementor-widget-container\">\n\t\t\t\t\t\t\t\t\t<h3><strong>\u00a1\u00daNETE A NUESTRA FAMILIA!<\/strong><\/h3><p>Crese y logra un futuro brillante en nuestra empresa.<br \/>M\u00e1s que un trabajo, y m\u00e1s que una empresa.<br \/>Somos una familia, somos Saver Cost Plus!<br \/>Nuestra filosofia es algo m\u00e1s que solo trabajos. Te ayudamos a desarrollar una Carrera y una Familia<\/p>\t\t\t\t\t\t\t\t<\/div>\n\t\t\t\t<\/div>\n\t\t\t\t<div class=\"elementor-element elementor-element-6a729d9 elementor-button-success elementor-align-center elementor-widget elementor-widget-button\" data-id=\"6a729d9\" data-element_type=\"widget\" data-e-type=\"widget\" data-widget_type=\"button.default\">\n\t\t\t\t<div class=\"elementor-widget-container\">\n\t\t\t\t\t\t\t\t\t<div class=\"elementor-button-wrapper\">\n\t\t\t\t\t<a class=\"elementor-button elementor-button-link elementor-size-sm\" href=\"https:\/\/jobboard.timeforge.com\/jobboard\/displayJobs\/corporation\/91125\/\">\n\t\t\t\t\t\t<span class=\"elementor-button-content-wrapper\">\n\t\t\t\t\t\t\t\t\t<span class=\"elementor-button-text\">\u00a1APLICA AHORA!<\/span>\n\t\t\t\t\t<\/span>\n\t\t\t\t\t<\/a>\n\t\t\t\t<\/div>\n\t\t\t\t\t\t\t\t<\/div>\n\t\t\t\t<\/div>\n\t\t\t\t<\/div>\n\t\t\t\t\t<\/div>\n\t\t\t\t<\/div>\n\t\t<div class=\"elementor-element elementor-element-edc8328 e-flex e-con-boxed e-con e-parent\" data-id=\"edc8328\" data-element_type=\"container\" data-e-type=\"container\" data-settings=\"{&quot;background_background&quot;:&quot;classic&quot;}\">\n\t\t\t\t\t<div class=\"e-con-inner\">\n\t\t<div class=\"elementor-element elementor-element-285db8f e-con-full e-flex e-con e-child\" data-id=\"285db8f\" data-element_type=\"container\" data-e-type=\"container\" data-settings=\"{&quot;background_background&quot;:&quot;classic&quot;}\">\n\t\t\t\t<div class=\"elementor-element elementor-element-756a1c5 elementor-widget elementor-widget-text-editor\" data-id=\"756a1c5\" data-element_type=\"widget\" data-e-type=\"widget\" data-widget_type=\"text-editor.default\">\n\t\t\t\t<div class=\"elementor-widget-container\">\n\t\t\t\t\t\t\t\t\t<h3><span style=\"color: #ffffff;\">RAZONES PARA TRABAJAR EN SAVERS COST<\/span><\/h3><p><span style=\"color: #ffffff;\">Somos una empresa con una trayectoria de mas de 32 a\u00f1os en el mercado, somos solidos y estables y esmos\u00a0 comprometidos con nuestros empleados, nuestros clientes y nuestra comunidad.\u00a0 Personas comprometidas. Comunidades mejores para nuestros empleados y clientes. Confiamos en cada uno de nuestors empleados, celebramos y preservamos nuestra cultura, nuestra cocina\u00a0 y nuestro patrimonio. Nuestros empleados son partes\u00a0 de nuestra familia. Ven y trabaja con nosotros.\u00a0\u00a0<\/span><\/p>\t\t\t\t\t\t\t\t<\/div>\n\t\t\t\t<\/div>\n\t\t\t\t<div class=\"elementor-element elementor-element-f86be5a elementor-button-success elementor-align-center elementor-widget elementor-widget-button\" data-id=\"f86be5a\" data-element_type=\"widget\" data-e-type=\"widget\" data-widget_type=\"button.default\">\n\t\t\t\t<div class=\"elementor-widget-container\">\n\t\t\t\t\t\t\t\t\t<div class=\"elementor-button-wrapper\">\n\t\t\t\t\t<a class=\"elementor-button elementor-button-link elementor-size-sm\" href=\"https:\/\/jobboard.timeforge.com\/jobboard\/displayJobs\/corporation\/91125\/\">\n\t\t\t\t\t\t<span class=\"elementor-button-content-wrapper\">\n\t\t\t\t\t\t\t\t\t<span class=\"elementor-button-text\">\u00a1APLICA AHORA!<\/span>\n\t\t\t\t\t<\/span>\n\t\t\t\t\t<\/a>\n\t\t\t\t<\/div>\n\t\t\t\t\t\t\t\t<\/div>\n\t\t\t\t<\/div>\n\t\t\t\t<\/div>\n\t\t<div class=\"elementor-element elementor-element-6d5fc95 e-con-full e-flex e-con e-child\" data-id=\"6d5fc95\" data-element_type=\"container\" data-e-type=\"container\">\n\t\t\t\t<div class=\"elementor-element elementor-element-4330152 elementor-widget elementor-widget-image\" data-id=\"4330152\" data-element_type=\"widget\" data-e-type=\"widget\" data-widget_type=\"image.default\">\n\t\t\t\t<div class=\"elementor-widget-container\">\n\t\t\t\t\t\t\t\t\t\t\t\t\t\t\t<img decoding=\"async\" width=\"1024\" height=\"768\" src=\"https:\/\/savers-costplus.com\/supermarket\/wp-content\/uploads\/2023\/05\/store-2-2-1024x768-1.jpg\" class=\"attachment-large size-large wp-image-934\" alt=\"\" srcset=\"https:\/\/savers-costplus.com\/supermarket\/wp-content\/uploads\/2023\/05\/store-2-2-1024x768-1.jpg 1024w, https:\/\/savers-costplus.com\/supermarket\/wp-content\/uploads\/2023\/05\/store-2-2-1024x768-1-300x225.jpg 300w, https:\/\/savers-costplus.com\/supermarket\/wp-content\/uploads\/2023\/05\/store-2-2-1024x768-1-768x576.jpg 768w\" sizes=\"(max-width: 1024px) 100vw, 1024px\" \/>\t\t\t\t\t\t\t\t\t\t\t\t\t\t\t<\/div>\n\t\t\t\t<\/div>\n\t\t\t\t<\/div>\n\t\t\t\t\t<\/div>\n\t\t\t\t<\/div>\n\t\t<div class=\"elementor-element elementor-element-4396ee1 e-flex e-con-boxed e-con e-parent\" data-id=\"4396ee1\" data-element_type=\"container\" data-e-type=\"container\" data-settings=\"{&quot;background_background&quot;:&quot;classic&quot;}\">\n\t\t\t\t\t<div class=\"e-con-inner\">\n\t\t<div class=\"elementor-element elementor-element-bebd030 e-con-full e-flex e-con e-child\" data-id=\"bebd030\" data-element_type=\"container\" data-e-type=\"container\" data-settings=\"{&quot;background_background&quot;:&quot;classic&quot;}\">\n\t\t\t\t<div class=\"elementor-element elementor-element-26a2f61 elementor-widget elementor-widget-image\" data-id=\"26a2f61\" data-element_type=\"widget\" data-e-type=\"widget\" data-widget_type=\"image.default\">\n\t\t\t\t<div class=\"elementor-widget-container\">\n\t\t\t\t\t\t\t\t\t\t\t\t\t\t\t\t<a href=\"https:\/\/savers-costplus.com\/supermarket\/wp-content\/uploads\/2026\/02\/unete-al-equipo.png\" data-elementor-open-lightbox=\"no\">\n\t\t\t\t\t\t\t<img decoding=\"async\" width=\"231\" height=\"300\" src=\"https:\/\/savers-costplus.com\/supermarket\/wp-content\/uploads\/2026\/02\/unete-al-equipo-231x300.png\" class=\"attachment-medium size-medium wp-image-1478\" alt=\"\" srcset=\"https:\/\/savers-costplus.com\/supermarket\/wp-content\/uploads\/2026\/02\/unete-al-equipo-231x300.png 231w, https:\/\/savers-costplus.com\/supermarket\/wp-content\/uploads\/2026\/02\/unete-al-equipo.png 601w\" sizes=\"(max-width: 231px) 100vw, 231px\" \/>\t\t\t\t\t\t\t\t<\/a>\n\t\t\t\t\t\t\t\t\t\t\t\t\t\t\t<\/div>\n\t\t\t\t<\/div>\n\t\t\t\t<\/div>\n\t\t<div class=\"elementor-element elementor-element-b46f952 e-con-full e-flex e-con e-child\" data-id=\"b46f952\" data-element_type=\"container\" data-e-type=\"container\">\n\t\t\t\t<div class=\"elementor-element elementor-element-9ce7b0c elementor-widget elementor-widget-text-editor\" data-id=\"9ce7b0c\" data-element_type=\"widget\" data-e-type=\"widget\" data-widget_type=\"text-editor.default\">\n\t\t\t\t<div class=\"elementor-widget-container\">\n\t\t\t\t\t\t\t\t\t<h3>LO QUE ES ESPECIAL EN SAVERS COST PLUS<\/h3><p>Somos m\u00e1s que una tienda. Somos una familia, formada por ustedes nuestros empleados y clientes, y entre todos construimos y perservamos nuestra cultura y tradici\u00f3n. Las antiguas y las tradiciones y culturas que estan por venir lo nuevo y lo no descubierto.<br \/>Por mas de 32 anos hemos creado para nuestros empleados y clientes una empresas m\u00e1s calida, y prospera para trabajar.<\/p>\t\t\t\t\t\t\t\t<\/div>\n\t\t\t\t<\/div>\n\t\t\t\t<div class=\"elementor-element elementor-element-5e82d04 elementor-button-success elementor-align-center elementor-widget elementor-widget-button\" data-id=\"5e82d04\" data-element_type=\"widget\" data-e-type=\"widget\" data-widget_type=\"button.default\">\n\t\t\t\t<div class=\"elementor-widget-container\">\n\t\t\t\t\t\t\t\t\t<div class=\"elementor-button-wrapper\">\n\t\t\t\t\t<a class=\"elementor-button elementor-button-link elementor-size-sm\" href=\"https:\/\/jobboard.timeforge.com\/jobboard\/displayJobs\/corporation\/91125\/\">\n\t\t\t\t\t\t<span class=\"elementor-button-content-wrapper\">\n\t\t\t\t\t\t\t\t\t<span class=\"elementor-button-text\">\u00a1APLICA AHORA!<\/span>\n\t\t\t\t\t<\/span>\n\t\t\t\t\t<\/a>\n\t\t\t\t<\/div>\n\t\t\t\t\t\t\t\t<\/div>\n\t\t\t\t<\/div>\n\t\t\t\t<\/div>\n\t\t\t\t\t<\/div>\n\t\t\t\t<\/div>\n\t\t\t\t<\/div>\n\t\t","protected":false},"excerpt":{"rendered":"<p>\u00a1\u00daNETE A NUESTRA FAMILIA! Crese y logra un futuro brillante en nuestra empresa.M\u00e1s que un trabajo, y m\u00e1s que una empresa.Somos una familia, somos Saver Cost Plus!Nuestra filosofia es algo m\u00e1s que solo trabajos. Te ayudamos a desarrollar una Carrera y una Familia \u00a1APLICA AHORA! RAZONES PARA TRABAJAR EN SAVERS COST Somos una empresa con [&hellip;]<\/p>\n","protected":false},"author":1,"featured_media":0,"parent":0,"menu_order":0,"comment_status":"closed","ping_status":"closed","template":"","meta":{"ocean_post_layout":"","ocean_both_sidebars_style":"","ocean_both_sidebars_content_width":0,"ocean_both_sidebars_sidebars_width":0,"ocean_sidebar":"0","ocean_second_sidebar":"0","ocean_disable_margins":"enable","ocean_add_body_class":"","ocean_shortcode_before_top_bar":"","ocean_shortcode_after_top_bar":"","ocean_shortcode_before_header":"","ocean_shortcode_after_header":"","ocean_has_shortcode":"","ocean_shortcode_after_title":"","ocean_shortcode_before_footer_widgets":"","ocean_shortcode_after_footer_widgets":"","ocean_shortcode_before_footer_bottom":"","ocean_shortcode_after_footer_bottom":"","ocean_display_top_bar":"default","ocean_display_header":"default","ocean_header_style":"","ocean_center_header_left_menu":"0","ocean_custom_header_template":"0","ocean_custom_logo":0,"ocean_custom_retina_logo":0,"ocean_custom_logo_max_width":0,"ocean_custom_logo_tablet_max_width":0,"ocean_custom_logo_mobile_max_width":0,"ocean_custom_logo_max_height":0,"ocean_custom_logo_tablet_max_height":0,"ocean_custom_logo_mobile_max_height":0,"ocean_header_custom_menu":"0","ocean_menu_typo_font_family":"0","ocean_menu_typo_font_subset":"","ocean_menu_typo_font_size":0,"ocean_menu_typo_font_size_tablet":0,"ocean_menu_typo_font_size_mobile":0,"ocean_menu_typo_font_size_unit":"px","ocean_menu_typo_font_weight":"","ocean_menu_typo_font_weight_tablet":"","ocean_menu_typo_font_weight_mobile":"","ocean_menu_typo_transform":"","ocean_menu_typo_transform_tablet":"","ocean_menu_typo_transform_mobile":"","ocean_menu_typo_line_height":0,"ocean_menu_typo_line_height_tablet":0,"ocean_menu_typo_line_height_mobile":0,"ocean_menu_typo_line_height_unit":"","ocean_menu_typo_spacing":0,"ocean_menu_typo_spacing_tablet":0,"ocean_menu_typo_spacing_mobile":0,"ocean_menu_typo_spacing_unit":"","ocean_menu_link_color":"","ocean_menu_link_color_hover":"","ocean_menu_link_color_active":"","ocean_menu_link_background":"","ocean_menu_link_hover_background":"","ocean_menu_link_active_background":"","ocean_menu_social_links_bg":"","ocean_menu_social_hover_links_bg":"","ocean_menu_social_links_color":"","ocean_menu_social_hover_links_color":"","ocean_disable_title":"default","ocean_disable_heading":"default","ocean_post_title":"","ocean_post_subheading":"","ocean_post_title_style":"","ocean_post_title_background_color":"","ocean_post_title_background":0,"ocean_post_title_bg_image_position":"","ocean_post_title_bg_image_attachment":"","ocean_post_title_bg_image_repeat":"","ocean_post_title_bg_image_size":"","ocean_post_title_height":0,"ocean_post_title_bg_overlay":0.5,"ocean_post_title_bg_overlay_color":"","ocean_disable_breadcrumbs":"default","ocean_breadcrumbs_color":"","ocean_breadcrumbs_separator_color":"","ocean_breadcrumbs_links_color":"","ocean_breadcrumbs_links_hover_color":"","ocean_display_footer_widgets":"default","ocean_display_footer_bottom":"default","ocean_custom_footer_template":"0","footnotes":""},"class_list":["post-940","page","type-page","status-publish","hentry","entry"],"_links":{"self":[{"href":"https:\/\/savers-costplus.com\/supermarket\/wp-json\/wp\/v2\/pages\/940","targetHints":{"allow":["GET"]}}],"collection":[{"href":"https:\/\/savers-costplus.com\/supermarket\/wp-json\/wp\/v2\/pages"}],"about":[{"href":"https:\/\/savers-costplus.com\/supermarket\/wp-json\/wp\/v2\/types\/page"}],"author":[{"embeddable":true,"href":"https:\/\/savers-costplus.com\/supermarket\/wp-json\/wp\/v2\/users\/1"}],"replies":[{"embeddable":true,"href":"https:\/\/savers-costplus.com\/supermarket\/wp-json\/wp\/v2\/comments?post=940"}],"version-history":[{"count":16,"href":"https:\/\/savers-costplus.com\/supermarket\/wp-json\/wp\/v2\/pages\/940\/revisions"}],"predecessor-version":[{"id":1493,"href":"https:\/\/savers-costplus.com\/supermarket\/wp-json\/wp\/v2\/pages\/940\/revisions\/1493"}],"wp:attachment":[{"href":"https:\/\/savers-costplus.com\/supermarket\/wp-json\/wp\/v2\/media?parent=940"}],"curies":[{"name":"wp","href":"https:\/\/api.w.org\/{rel}","templated":true}]}}